List the prime factors of b.
5
Suppose -5*z + 5 = -5. Suppose 5*v + 10 - 35 = -z*k, -k - 4*v + 20 = 0. Suppose k*t - 3*t = -9. What are the prime factors of t?
3
Suppose -3*k - 6 = -18. Suppose -y = -2*r + 4*y + 41, -5*r - k*y = -53. What are the prime factors of r?
13
Suppose 5*z = -4*x + 40, -3*x = -z - 6 - 5. Let n = -54 + 52. Let j = x + n. List the prime factors of j.
3
Let i = 2 + 0. List the prime factors of -2*i*(-2 - 2).
2
Suppose 0 - 60 = -b. List the prime factors of b.
2, 3, 5
Suppose -4*k + 5 = -11. Suppose z - k*z - 30 = 0. Let c = z + 21. List the prime factors of c.
11
Let v(w) = 3*w + 9. List the prime factors of v(5).
2, 3
Suppose 504 = 28*o - 24*o. What are the prime factors of o?
2, 3, 7
List the prime factors of (46*(-4)/8)/(-1).
23
Let b(g) = 2*g**3 + g**2 + g + 28. What are the prime factors of b(0)?
2, 7
Let j = 5 + 8. Let g = j + -2. Suppose -g = -f + 4. What are the prime factors of f?
3, 5
Suppose u = 3*u. Suppose u*h = h. Suppose -2*k + h*k = -16. What are the prime factors of k?
2
Let p(m) = -m + 1. Let l(o) = -2. Let c(s) = l(s) - p(s). Let z(i) = i - 2. Let q(a) = -7*c(a) + 6*z(a). List the prime factors of q(5).
2
Suppose 6*i = i + 15. Suppose 0 = 4*u - i*w - 60, 0 = 3*w + 4 + 8. List the prime factors of u.
2, 3
Let r = -178 - -330. List the prime factors of r.
2, 19
Suppose 3*z - 4*a + 2 = -7, -4*z - a = -7. Let l be (7 - 0)/(z/(-2)). Let d = l - -22. List the prime factors of d.
2
Suppose 0*l + 20 = 4*u - 5*l, 20 = -5*u - 5*l. Let j(c) = -3 + u*c - 6 + 0*c + 2*c. List the prime factors of j(8).
7
Let k(m) = m**2 - 3*m - 5. Let q(h) = 2*h**2 - 6*h - 10. Let r(u) = 5*k(u) - 2*q(u). What are the prime factors of r(7)?
23
Let z(j) = -3*j**3 + 2*j**2 + 2*j + 1. Let c be z(-1). Suppose -21 = c*g + 23. Let k = 17 + g. List the prime factors of k.
2, 3
Let f = 6 - 4. Let h be (f + (-8)/2)*-1. Suppose 18 = -0*y + h*y. What are the prime factors of y?
3
Let w(j) = 4*j**2 + 2*j - 2. What are the prime factors of w(3)?
2, 5
Let l(s) = -s**2 + 5*s - 2. Suppose 3*u - 3*m = -8*m + 26, 0 = -5*u + 5*m - 10. What are the prime factors of l(u)?
2
Suppose -17*w = -18*w - 10. Let h(g) = g**3 + 11*g**2 + 8*g - 5. List the prime factors of h(w).
3, 5
Suppose 2*u - 172 = -2*w, w - 3*u = 65 + 33. What are the prime factors of w?
89
Let k(w) = -w - 1. Let n be k(-6). Let d = n - 5. Suppose -m + 5 = d, -3*m + 120 = 5*r + 2*m. What are the prime factors of r?
19
Suppose 0*j - 4 = -4*j. Suppose -45 = -4*b + 5*q, -4*q - j = 2*b - 17. What are the prime factors of b?
2, 5
Suppose 0 = 3*u - 4*u + 56. Let d = 90 - u. What are the prime factors of d?
2, 17
Let b be (-23)/7 - (-4)/14. Let j(k) = -k**2 - 4*k - 3. Let p be j(b). Suppose p = 4*o + 4*u - 52, 5*o + u - 29 = 20. What are the prime factors of o?
3
Suppose -2*j = -114 - 64. What are the prime factors of j?
89
What are the prime factors of (54/4)/(-2 + (-5)/(-2))?
3
Let u(y) = y**2 + 13. Suppose 0 = i + 3*i. Let t be u(i). Suppose 0 = -4*g - t + 53. List the prime factors of g.
2, 5
Let a(c) = 3*c + 6 - c - 1 + 2. Let s be 19/4 - 1/(-4). List the prime factors of a(s).
17
Let q = -3 + 6. Suppose 3*n + 4*y = 2*n - q, 4*n = -3*y + 14. Suppose 4*d + 0*u - 28 = -4*u, d - n*u - 25 = 0. List the prime factors of d.
2, 5
Let s(o) = o**2 - 5*o + 4. Let x be s(4). Suppose x = -2*t + w + 29, 4*t + 0*t = 5*w + 73. Suppose 0 = -4*r + 3*r + t. What are the prime factors of r?
2, 3
Let x = -1 + -1. Let v be (x + 3)*-3 - -1. Let b = 0 - v. List the prime factors of b.
2
Suppose 2 = 4*g - 7*g + 5*f, 5*f - 50 = -5*g. Suppose 4*k = g + 6. List the prime factors of k.
3
Let i = 62 + -12. What are the prime factors of i?
2, 5
Let i = -352 - -512. What are the prime factors of i/(-15)*3/(-2)?
2
Suppose -7*o = -2*o. Suppose o = 6*k - 23 - 13. What are the prime factors of k?
2, 3
Suppose -3*i = 2*i. Suppose v + i*v + 20 = 0. What are the prime factors of ((-2)/4)/(2/v)?
5
Suppose -34 + 9 = -5*o. Suppose 0 = -o*s - 0*s + 10. List the prime factors of s.
2
Let n(m) = m**2 + 4*m - 4. Let h = 11 + -8. What are the prime factors of n(h)?
17
Let q be (-1)/((-9)/(-12) + -1). Suppose 3*t = 5*i + 84, 0 = -3*t - 3*i - i + 84. List the prime factors of q/12 + t/6.
5
Suppose -2*m = o - 2*o + 1, o - 3*m = 0. Suppose 5*i - 5*p - 35 = 0, -i = o*i + 3*p - 49. What are the prime factors of i?
2, 5
Suppose 0 = 2*t + 2*r - 82, -2*r + 3*r = 3*t - 131. What are the prime factors of t?
43
Suppose 2*p + 2*n = 42, -3*n = -5*p + 57 + 8. Suppose 0 = m - p + 2. What are the prime factors of m?
2, 7
Suppose -3*j + 2*j + 6 = 2*f, -3*f + 5*j + 9 = 0. Suppose b - 12 = -3*b + 4*h, -8 = -f*b + 4*h. What are the prime factors of b?
2
Suppose 5*l - 5*a + 14 + 1 = 0, 0 = 3*l + a - 11. Let h be (4/6)/(6/333). Suppose 3*b - h = -z + l*z, 4*b - 64 = 5*z. List the prime factors of b.
11
Let a = 13 - 9. Suppose 0*q + 16 = a*q. What are the prime factors of q?
2
Let t(v) = -v**2 + 13*v - 10. What are the prime factors of t(9)?
2, 13
Let n = -15 + 17. List the prime factors of n.
2
Let o = 89 - 12. List the prime factors of o.
7, 11
Let y = -1 - -4. Suppose y*f - 2 = 4. What are the prime factors of f?
2
Suppose -7*q + 50 = -2*q. What are the prime factors of q?
2, 5
Suppose 64 = 2*c + 2*c. Suppose 0 = -x + c - 1. List the prime factors of x.
3, 5
Suppose -c = 4*c. Suppose 5*u = -c*u + 20. List the prime factors of u.
2
Suppose 4*k + 14 = -c - 0*k, 0 = -2*c + 3*k + 27. Let i(w) = -w**3 + 6*w**2 + 3*w - 4. What are the prime factors of i(c)?
2, 7
Suppose 3*c = 8*c - 205. List the prime factors of c.
41
Suppose u - 637 = -3*l + 3*u, 0 = -2*l + u + 424. List the prime factors of l.
211
Let n = 16 - 14. Suppose 42 = -0*o + n*o. List the prime factors of o.
3, 7
Let m = -3 - -5. Let n(p) = -p**2 + 4*p + 1. Let t be n(5). List the prime factors of t*(m + (-10)/4).
2
Suppose 6*f - 1036 = -244. What are the prime factors of f?
2, 3, 11
Suppose -4*t + 13 = 5. Suppose 14 = -t*o - 0. Let u = o + 11. List the prime factors of u.
2
What are the prime factors of (1 + (-74)/(-6))*15?
2, 5
Let j(x) = 6*x**2 - 13*x - 3. List the prime factors of j(5).
2, 41
Suppose 3*r = -2*f - f - 27, f - 2*r + 3 = 0. What are the prime factors of (-2)/f + (-235)/(-35)?
7
Let x = 24 - 8. Suppose 3*p - 5*l - x = -0*l, p + l - 16 = 0. What are the prime factors of p?
2, 3
What are the prime factors of (-490)/4*(-1)/(10/16)?
2, 7
Let k = -30 + 63. What are the prime factors of k?
3, 11
Let z = 24 - -3. List the prime factors of z.
3
Let n(a) = 2*a**2 - 10*a + 6. Let m = 6 + 1. List the prime factors of n(m).
2, 17
Suppose 3*r - 94 = -2*c, 5*r = 4*r - 3*c + 36. List the prime factors of r.
2, 3, 5
Let r(s) = 2*s - 4. Suppose 2*t + 5 = 3*t. List the prime factors of r(t).
2, 3
Suppose -319 - 51 = -5*g. What are the prime factors of g?
2, 37
Let m = 5 - 2. Suppose 5*n - 11 = -3*f, -n = 5*f + m*n - 27. List the prime factors of f.
7
Suppose -3*y + 122 = -0*y + 4*g, -4*g = -y + 46. List the prime factors of y.
2, 3, 7
Let s = -9 - -11. What are the prime factors of (-12)/(s - -2) - -28?
5
Let j(t) = -t**2 + 8*t - 2. Let v be j(7). Suppose -2*a + 19 + v = 0. List the prime factors of a.
2, 3
Suppose -3*g = -4*s - 26, 4*s - 1 = -5*g + 21. Suppose 5*j + 100 = 5*f, -g*f = -f - 2*j - 100. What are the prime factors of f?
2, 5
Let b(g) = 7*g - 1. Let h be b(-5). Let a = h + 74. What are the prime factors of a?
2, 19
Let t = 13 - 7. List the prime factors of t.
2, 3
Let k(o) = o**2 - 6*o - 3. Let d be k(6). Let l = 8 + d. Suppose b = -2*b + 2*n + 42, 89 = l*b + 3*n. What are the prime factors of b?
2
Let n(v) = v**2 + v + 3. Let r = 6 - 9. What are the prime factors of n(r)?
3
Let c(t) = -t**2 - 18*t + 42. List the prime factors of c(-19).
23
Let u(m) = -2*m**2 - 2*m - 1. Let q be u(-1). Let y(t) = 35*t**2 + 1. Let p be y(q). Suppose 0*x + 6 = f - 3*x, 2*f + 2*x = p. List the prime factors of f.
3, 5
Suppose 3*l = -3*b + 18, -3*b - 5*l + l + 22 = 0. Suppose 4*n = -2*h + h + 38, -b*h = -4. Let f = n + -2. List the prime factors of f.
7
Let b(g) = 1 - 12*g - 2*g**2 + 13 + 3*g**2 - 2*g**2. List the prime factors of b(-11).
5
Let z be (0 - 0)*(-1)/(-2). Suppose 2*s - 11 = 3. What are the prime factors of z*(-3 - -2) + s?
7
Suppose h - 5*h + 232 = 0. Suppose -3*r + 5 = -h. What are the prime fact